{"id":117,"date":"2019-08-21T10:41:37","date_gmt":"2019-08-21T08:41:37","guid":{"rendered":"http:\/\/macoba.fr\/?page_id=117"},"modified":"2020-03-19T10:58:05","modified_gmt":"2020-03-19T09:58:05","slug":"nettoyeur-haute-pression","status":"publish","type":"page","link":"http:\/\/macoba.fr\/index.php\/nettoyeur-haute-pression\/","title":{"rendered":"Nettoyeur haute pression"},"content":{"rendered":"\t\t<div data-elementor-type=\"wp-page\" data-elementor-id=\"117\" class=\"elementor elementor-117\">\n\t\t\t\t\t\t<div class=\"elementor-inner\">\n\t\t\t\t<div class=\"elementor-section-wrap\">\n\t\t\t\t\t\t\t\t\t<section class=\"elementor-section elementor-top-section elementor-element elementor-element-56ec9633 elementor-section-content-middle elementor-section-boxed elementor-section-height-default elementor-section-height-default\" data-id=\"56ec9633\" data-element_type=\"section\" data-settings=\"{&quot;background_background&quot;:&quot;classic&quot;,&quot;shape_divider_top&quot;:&quot;curve&quot;,&quot;shape_divider_bottom&quot;:&quot;curve&quot;}\">\n\t\t\t\t\t<div class=\"elementor-shape elementor-shape-top\" data-negative=\"false\">\n\t\t\t<svg xmlns=\"http:\/\/www.w3.org\/2000\/svg\" viewBox=\"0 0 1000 100\" preserveAspectRatio=\"none\">\n    <path class=\"elementor-shape-fill\" d=\"M1000,4.3V0H0v4.3C0.9,23.1,126.7,99.2,500,100S1000,22.7,1000,4.3z\"\/>\n<\/svg>\t\t<\/div>\n\t\t\t\t<div class=\"elementor-shape elementor-shape-bottom\" data-negative=\"false\">\n\t\t\t<svg xmlns=\"http:\/\/www.w3.org\/2000\/svg\" viewBox=\"0 0 1000 100\" preserveAspectRatio=\"none\">\n    <path class=\"elementor-shape-fill\" d=\"M1000,4.3V0H0v4.3C0.9,23.1,126.7,99.2,500,100S1000,22.7,1000,4.3z\"\/>\n<\/svg>\t\t<\/div>\n\t\t\t\t\t<div class=\"elementor-container elementor-column-gap-default\">\n\t\t\t\t\t\t\t<div class=\"elementor-row\">\n\t\t\t\t\t<div class=\"elementor-column elementor-col-50 elementor-top-column elementor-element elementor-element-182ea2f2\" data-id=\"182ea2f2\" data-element_type=\"column\" data-settings=\"{&quot;background_background&quot;:&quot;none&quot;}\">\n\t\t\t<div class=\"elementor-column-wrap elementor-element-populated\">\n\t\t\t\t\t\t\t<div class=\"elementor-widget-wrap\">\n\t\t\t\t\t\t<div class=\"elementor-element elementor-element-35a40dda elementor-widget elementor-widget-heading\" data-id=\"35a40dda\" data-element_type=\"widget\" data-widget_type=\"heading.default\">\n\t\t\t\t<div class=\"elementor-widget-container\">\n\t\t\t<h2 class=\"elementor-heading-title elementor-size-default\">Nettoyeur haute pression<\/h2>\t\t<\/div>\n\t\t\t\t<\/div>\n\t\t\t\t<div class=\"elementor-element elementor-element-4afab786 elementor-widget elementor-widget-spacer\" data-id=\"4afab786\" data-element_type=\"widget\" data-widget_type=\"spacer.default\">\n\t\t\t\t<div class=\"elementor-widget-container\">\n\t\t\t\t\t<div class=\"elementor-spacer\">\n\t\t\t<div class=\"elementor-spacer-inner\"><\/div>\n\t\t<\/div>\n\t\t\t\t<\/div>\n\t\t\t\t<\/div>\n\t\t\t\t\t\t<\/div>\n\t\t\t\t\t<\/div>\n\t\t<\/div>\n\t\t\t\t<div class=\"elementor-column elementor-col-50 elementor-top-column elementor-element elementor-element-7bb4d15b\" data-id=\"7bb4d15b\" data-element_type=\"column\">\n\t\t\t<div class=\"elementor-column-wrap elementor-element-populated\">\n\t\t\t\t\t\t\t<div class=\"elementor-widget-wrap\">\n\t\t\t\t\t\t<div class=\"elementor-element elementor-element-56249a51 elementor-widget elementor-widget-spacer\" data-id=\"56249a51\" data-element_type=\"widget\" data-widget_type=\"spacer.default\">\n\t\t\t\t<div class=\"elementor-widget-container\">\n\t\t\t\t\t<div class=\"elementor-spacer\">\n\t\t\t<div class=\"elementor-spacer-inner\"><\/div>\n\t\t<\/div>\n\t\t\t\t<\/div>\n\t\t\t\t<\/div>\n\t\t\t\t<div class=\"elementor-element elementor-element-2fb98d56 elementor-widget elementor-widget-image\" data-id=\"2fb98d56\" data-element_type=\"widget\" data-widget_type=\"image.default\">\n\t\t\t\t<div class=\"elementor-widget-container\">\n\t\t\t\t\t\t\t\t<div class=\"elementor-image\">\n\t\t\t\t\t\t\t\t\t\t\t\t<img width=\"264\" height=\"192\" src=\"http:\/\/macoba.fr\/wp-content\/uploads\/2020\/03\/Sans-titre-3.png\" class=\"attachment-2048x2048 size-2048x2048\" alt=\"\" loading=\"lazy\" \/>\t\t\t\t\t\t\t\t\t\t\t\t\t\t<\/div>\n\t\t\t\t\t\t<\/div>\n\t\t\t\t<\/div>\n\t\t\t\t<div class=\"elementor-element elementor-element-6a57fee8 elementor-widget elementor-widget-spacer\" data-id=\"6a57fee8\" data-element_type=\"widget\" data-widget_type=\"spacer.default\">\n\t\t\t\t<div class=\"elementor-widget-container\">\n\t\t\t\t\t<div class=\"elementor-spacer\">\n\t\t\t<div class=\"elementor-spacer-inner\"><\/div>\n\t\t<\/div>\n\t\t\t\t<\/div>\n\t\t\t\t<\/div>\n\t\t\t\t\t\t<\/div>\n\t\t\t\t\t<\/div>\n\t\t<\/div>\n\t\t\t\t\t\t\t\t<\/div>\n\t\t\t\t\t<\/div>\n\t\t<\/section>\n\t\t\t\t<section class=\"elementor-section elementor-top-section elementor-element elementor-element-27d03da1 elementor-section-height-min-height elementor-section-content-top elementor-section-boxed elementor-section-height-default elementor-section-items-middle\" data-id=\"27d03da1\" data-element_type=\"section\" data-settings=\"{&quot;background_background&quot;:&quot;classic&quot;}\">\n\t\t\t\t\t\t<div class=\"elementor-container elementor-column-gap-default\">\n\t\t\t\t\t\t\t<div class=\"elementor-row\">\n\t\t\t\t\t<div class=\"elementor-column elementor-col-33 elementor-top-column elementor-element elementor-element-746554c7\" data-id=\"746554c7\" data-element_type=\"column\">\n\t\t\t<div class=\"elementor-column-wrap elementor-element-populated\">\n\t\t\t\t\t\t\t<div class=\"elementor-widget-wrap\">\n\t\t\t\t\t\t<div class=\"elementor-element elementor-element-afb3811 elementor-view-default elementor-widget elementor-widget-icon\" data-id=\"afb3811\" data-element_type=\"widget\" data-widget_type=\"icon.default\">\n\t\t\t\t<div class=\"elementor-widget-container\">\n\t\t\t\t\t<div class=\"elementor-icon-wrapper\">\n\t\t\t<div class=\"elementor-icon\">\n\t\t\t<i aria-hidden=\"true\" class=\"far fa-check-circle\"><\/i>\t\t\t<\/div>\n\t\t<\/div>\n\t\t\t\t<\/div>\n\t\t\t\t<\/div>\n\t\t\t\t<div class=\"elementor-element elementor-element-3c780a0f elementor-position-top elementor-vertical-align-top elementor-widget elementor-widget-image-box\" data-id=\"3c780a0f\" data-element_type=\"widget\" data-widget_type=\"image-box.default\">\n\t\t\t\t<div class=\"elementor-widget-container\">\n\t\t\t<div class=\"elementor-image-box-wrapper\"><div class=\"elementor-image-box-content\"><h2 class=\"elementor-image-box-title\">SAvoir-Faire<\/h2><p class=\"elementor-image-box-description\">Depuis 2 g\u00e9n\u00e9rations, sp\u00e9cialiste en refroidissement et en machine \u00e0 traire. <\/p><\/div><\/div>\t\t<\/div>\n\t\t\t\t<\/div>\n\t\t\t\t\t\t<\/div>\n\t\t\t\t\t<\/div>\n\t\t<\/div>\n\t\t\t\t<div class=\"elementor-column elementor-col-33 elementor-top-column elementor-element elementor-element-40c30eed\" data-id=\"40c30eed\" data-element_type=\"column\">\n\t\t\t<div class=\"elementor-column-wrap elementor-element-populated\">\n\t\t\t\t\t\t\t<div class=\"elementor-widget-wrap\">\n\t\t\t\t\t\t<div class=\"elementor-element elementor-element-4d316675 elementor-view-default elementor-widget elementor-widget-icon\" data-id=\"4d316675\" data-element_type=\"widget\" data-widget_type=\"icon.default\">\n\t\t\t\t<div class=\"elementor-widget-container\">\n\t\t\t\t\t<div class=\"elementor-icon-wrapper\">\n\t\t\t<div class=\"elementor-icon\">\n\t\t\t<i aria-hidden=\"true\" class=\"far fa-edit\"><\/i>\t\t\t<\/div>\n\t\t<\/div>\n\t\t\t\t<\/div>\n\t\t\t\t<\/div>\n\t\t\t\t<div class=\"elementor-element elementor-element-6d06397c elementor-position-top elementor-vertical-align-top elementor-widget elementor-widget-image-box\" data-id=\"6d06397c\" data-element_type=\"widget\" data-widget_type=\"image-box.default\">\n\t\t\t\t<div class=\"elementor-widget-container\">\n\t\t\t<div class=\"elementor-image-box-wrapper\"><div class=\"elementor-image-box-content\"><h2 class=\"elementor-image-box-title\">ecrivez-nous<\/h2><p class=\"elementor-image-box-description\">sarl.macoba@orange.fr<\/p><\/div><\/div>\t\t<\/div>\n\t\t\t\t<\/div>\n\t\t\t\t\t\t<\/div>\n\t\t\t\t\t<\/div>\n\t\t<\/div>\n\t\t\t\t<div class=\"elementor-column elementor-col-33 elementor-top-column elementor-element elementor-element-7da96b03\" data-id=\"7da96b03\" data-element_type=\"column\">\n\t\t\t<div class=\"elementor-column-wrap elementor-element-populated\">\n\t\t\t\t\t\t\t<div class=\"elementor-widget-wrap\">\n\t\t\t\t\t\t<div class=\"elementor-element elementor-element-14eaa83e elementor-view-default elementor-widget elementor-widget-icon\" data-id=\"14eaa83e\" data-element_type=\"widget\" data-widget_type=\"icon.default\">\n\t\t\t\t<div class=\"elementor-widget-container\">\n\t\t\t\t\t<div class=\"elementor-icon-wrapper\">\n\t\t\t<div class=\"elementor-icon\">\n\t\t\t<i aria-hidden=\"true\" class=\"fas fa-phone-alt\"><\/i>\t\t\t<\/div>\n\t\t<\/div>\n\t\t\t\t<\/div>\n\t\t\t\t<\/div>\n\t\t\t\t<div class=\"elementor-element elementor-element-3d101deb elementor-position-top elementor-vertical-align-top elementor-widget elementor-widget-image-box\" data-id=\"3d101deb\" data-element_type=\"widget\" data-widget_type=\"image-box.default\">\n\t\t\t\t<div class=\"elementor-widget-container\">\n\t\t\t<div class=\"elementor-image-box-wrapper\"><div class=\"elementor-image-box-content\"><h2 class=\"elementor-image-box-title\">Contactez-nous<\/h2><p class=\"elementor-image-box-description\">03.21.86.40.09<\/p><\/div><\/div>\t\t<\/div>\n\t\t\t\t<\/div>\n\t\t\t\t\t\t<\/div>\n\t\t\t\t\t<\/div>\n\t\t<\/div>\n\t\t\t\t\t\t\t\t<\/div>\n\t\t\t\t\t<\/div>\n\t\t<\/section>\n\t\t\t\t\t\t\t\t\t<\/div>\n\t\t\t<\/div>\n\t\t\t\t\t<\/div>\n\t\t","protected":false},"excerpt":{"rendered":"<div class=\"slide-text-bg2\"><span>Nettoyeur haute pression SAvoir-Faire Depuis 2 g\u00e9n\u00e9rations, sp\u00e9cialiste en refroidissement et en machine \u00e0 traire. ecrivez-nous sarl.macoba@orange.fr C<\/span><\/div>\n<div class=\"slide-btn-area-sm\"><a href=\"http:\/\/macoba.fr\/index.php\/nettoyeur-haute-pression\/\" class=\"slide-btn-sm\">Read More<\/a><\/div>\n","protected":false},"author":1,"featured_media":0,"parent":0,"menu_order":0,"comment_status":"closed","ping_status":"closed","template":"elementor_header_footer","meta":[],"yoast_head":"<!-- This site is optimized with the Yoast SEO plugin v18.4.1 - https:\/\/yoast.com\/wordpress\/plugins\/seo\/ -->\n<title>Nettoyeur haute pression - SARL MACOBA - Mat\u00e9riel agricole - Hesmond<\/title>\n<meta name=\"description\" content=\"Nettoyeur haute pression renson. Revendeur Nord pas de Calais SARL MACOBA \u00e0 Hesmond 62990. Nettoyer \u00e0 haute pression les quai de salles de traites, machines\" \/>\n<meta name=\"robots\" content=\"index, follow, max-snippet:-1, max-image-preview:large, max-video-preview:-1\" \/>\n<link rel=\"canonical\" href=\"http:\/\/macoba.fr\/index.php\/nettoyeur-haute-pression\/\" \/>\n<meta property=\"og:locale\" content=\"en_US\" \/>\n<meta property=\"og:type\" content=\"article\" \/>\n<meta property=\"og:title\" content=\"Nettoyeur haute pression - SARL MACOBA - Mat\u00e9riel agricole - Hesmond\" \/>\n<meta property=\"og:description\" content=\"Nettoyeur haute pression renson. Revendeur Nord pas de Calais SARL MACOBA \u00e0 Hesmond 62990. Nettoyer \u00e0 haute pression les quai de salles de traites, machines\" \/>\n<meta property=\"og:url\" content=\"http:\/\/macoba.fr\/index.php\/nettoyeur-haute-pression\/\" \/>\n<meta property=\"og:site_name\" content=\"SARL MACOBA\" \/>\n<meta property=\"article:modified_time\" content=\"2020-03-19T09:58:05+00:00\" \/>\n<meta property=\"og:image\" content=\"http:\/\/macoba.fr\/wp-content\/uploads\/2020\/03\/Sans-titre-3.png\" \/>\n<meta name=\"twitter:card\" content=\"summary_large_image\" \/>\n<script type=\"application\/ld+json\" class=\"yoast-schema-graph\">{\"@context\":\"https:\/\/schema.org\",\"@graph\":[{\"@type\":\"WebSite\",\"@id\":\"http:\/\/macoba.fr\/#website\",\"url\":\"http:\/\/macoba.fr\/\",\"name\":\"SARL MACOBA\",\"description\":\"\",\"potentialAction\":[{\"@type\":\"SearchAction\",\"target\":{\"@type\":\"EntryPoint\",\"urlTemplate\":\"http:\/\/macoba.fr\/?s={search_term_string}\"},\"query-input\":\"required name=search_term_string\"}],\"inLanguage\":\"en-US\"},{\"@type\":\"ImageObject\",\"@id\":\"http:\/\/macoba.fr\/index.php\/nettoyeur-haute-pression\/#primaryimage\",\"inLanguage\":\"en-US\",\"url\":\"http:\/\/macoba.fr\/wp-content\/uploads\/2020\/03\/Sans-titre-3.png\",\"contentUrl\":\"http:\/\/macoba.fr\/wp-content\/uploads\/2020\/03\/Sans-titre-3.png\",\"width\":264,\"height\":192,\"caption\":\"Nettoyeur haute pression 200 barres Renson. SARL MACOBA mat\u00e9riel agricole\"},{\"@type\":\"WebPage\",\"@id\":\"http:\/\/macoba.fr\/index.php\/nettoyeur-haute-pression\/#webpage\",\"url\":\"http:\/\/macoba.fr\/index.php\/nettoyeur-haute-pression\/\",\"name\":\"Nettoyeur haute pression - SARL MACOBA - Mat\u00e9riel agricole - Hesmond\",\"isPartOf\":{\"@id\":\"http:\/\/macoba.fr\/#website\"},\"primaryImageOfPage\":{\"@id\":\"http:\/\/macoba.fr\/index.php\/nettoyeur-haute-pression\/#primaryimage\"},\"datePublished\":\"2019-08-21T08:41:37+00:00\",\"dateModified\":\"2020-03-19T09:58:05+00:00\",\"description\":\"Nettoyeur haute pression renson. Revendeur Nord pas de Calais SARL MACOBA \u00e0 Hesmond 62990. Nettoyer \u00e0 haute pression les quai de salles de traites, machines\",\"breadcrumb\":{\"@id\":\"http:\/\/macoba.fr\/index.php\/nettoyeur-haute-pression\/#breadcrumb\"},\"inLanguage\":\"en-US\",\"potentialAction\":[{\"@type\":\"ReadAction\",\"target\":[\"http:\/\/macoba.fr\/index.php\/nettoyeur-haute-pression\/\"]}]},{\"@type\":\"BreadcrumbList\",\"@id\":\"http:\/\/macoba.fr\/index.php\/nettoyeur-haute-pression\/#breadcrumb\",\"itemListElement\":[{\"@type\":\"ListItem\",\"position\":1,\"name\":\"Accueil\",\"item\":\"http:\/\/macoba.fr\/\"},{\"@type\":\"ListItem\",\"position\":2,\"name\":\"Nettoyeur haute pression\"}]}]}<\/script>\n<!-- \/ Yoast SEO plugin. -->","yoast_head_json":{"title":"Nettoyeur haute pression - SARL MACOBA - Mat\u00e9riel agricole - Hesmond","description":"Nettoyeur haute pression renson. Revendeur Nord pas de Calais SARL MACOBA \u00e0 Hesmond 62990. Nettoyer \u00e0 haute pression les quai de salles de traites, machines","robots":{"index":"index","follow":"follow","max-snippet":"max-snippet:-1","max-image-preview":"max-image-preview:large","max-video-preview":"max-video-preview:-1"},"canonical":"http:\/\/macoba.fr\/index.php\/nettoyeur-haute-pression\/","og_locale":"en_US","og_type":"article","og_title":"Nettoyeur haute pression - SARL MACOBA - Mat\u00e9riel agricole - Hesmond","og_description":"Nettoyeur haute pression renson. Revendeur Nord pas de Calais SARL MACOBA \u00e0 Hesmond 62990. Nettoyer \u00e0 haute pression les quai de salles de traites, machines","og_url":"http:\/\/macoba.fr\/index.php\/nettoyeur-haute-pression\/","og_site_name":"SARL MACOBA","article_modified_time":"2020-03-19T09:58:05+00:00","og_image":[{"url":"http:\/\/macoba.fr\/wp-content\/uploads\/2020\/03\/Sans-titre-3.png"}],"twitter_card":"summary_large_image","schema":{"@context":"https:\/\/schema.org","@graph":[{"@type":"WebSite","@id":"http:\/\/macoba.fr\/#website","url":"http:\/\/macoba.fr\/","name":"SARL MACOBA","description":"","potentialAction":[{"@type":"SearchAction","target":{"@type":"EntryPoint","urlTemplate":"http:\/\/macoba.fr\/?s={search_term_string}"},"query-input":"required name=search_term_string"}],"inLanguage":"en-US"},{"@type":"ImageObject","@id":"http:\/\/macoba.fr\/index.php\/nettoyeur-haute-pression\/#primaryimage","inLanguage":"en-US","url":"http:\/\/macoba.fr\/wp-content\/uploads\/2020\/03\/Sans-titre-3.png","contentUrl":"http:\/\/macoba.fr\/wp-content\/uploads\/2020\/03\/Sans-titre-3.png","width":264,"height":192,"caption":"Nettoyeur haute pression 200 barres Renson. SARL MACOBA mat\u00e9riel agricole"},{"@type":"WebPage","@id":"http:\/\/macoba.fr\/index.php\/nettoyeur-haute-pression\/#webpage","url":"http:\/\/macoba.fr\/index.php\/nettoyeur-haute-pression\/","name":"Nettoyeur haute pression - SARL MACOBA - Mat\u00e9riel agricole - Hesmond","isPartOf":{"@id":"http:\/\/macoba.fr\/#website"},"primaryImageOfPage":{"@id":"http:\/\/macoba.fr\/index.php\/nettoyeur-haute-pression\/#primaryimage"},"datePublished":"2019-08-21T08:41:37+00:00","dateModified":"2020-03-19T09:58:05+00:00","description":"Nettoyeur haute pression renson. Revendeur Nord pas de Calais SARL MACOBA \u00e0 Hesmond 62990. Nettoyer \u00e0 haute pression les quai de salles de traites, machines","breadcrumb":{"@id":"http:\/\/macoba.fr\/index.php\/nettoyeur-haute-pression\/#breadcrumb"},"inLanguage":"en-US","potentialAction":[{"@type":"ReadAction","target":["http:\/\/macoba.fr\/index.php\/nettoyeur-haute-pression\/"]}]},{"@type":"BreadcrumbList","@id":"http:\/\/macoba.fr\/index.php\/nettoyeur-haute-pression\/#breadcrumb","itemListElement":[{"@type":"ListItem","position":1,"name":"Accueil","item":"http:\/\/macoba.fr\/"},{"@type":"ListItem","position":2,"name":"Nettoyeur haute pression"}]}]}},"_links":{"self":[{"href":"http:\/\/macoba.fr\/index.php\/wp-json\/wp\/v2\/pages\/117"}],"collection":[{"href":"http:\/\/macoba.fr\/index.php\/wp-json\/wp\/v2\/pages"}],"about":[{"href":"http:\/\/macoba.fr\/index.php\/wp-json\/wp\/v2\/types\/page"}],"author":[{"embeddable":true,"href":"http:\/\/macoba.fr\/index.php\/wp-json\/wp\/v2\/users\/1"}],"replies":[{"embeddable":true,"href":"http:\/\/macoba.fr\/index.php\/wp-json\/wp\/v2\/comments?post=117"}],"version-history":[{"count":5,"href":"http:\/\/macoba.fr\/index.php\/wp-json\/wp\/v2\/pages\/117\/revisions"}],"predecessor-version":[{"id":1874,"href":"http:\/\/macoba.fr\/index.php\/wp-json\/wp\/v2\/pages\/117\/revisions\/1874"}],"wp:attachment":[{"href":"http:\/\/macoba.fr\/index.php\/wp-json\/wp\/v2\/media?parent=117"}],"curies":[{"name":"wp","href":"https:\/\/api.w.org\/{rel}","templated":true}]}}